composite?
True
Let y be 6/8 + (-136)/(-32). Suppose -8*f = -y*f - 6. Suppose 5*q + 3755 = 5*s, f*q = -3*s + 886 + 1357. Is s composite?
True
Let i be (752/(-24))/(1/(-69)). Suppose -197 = 3*o - i. Is o a prime number?
False
Let h(d) = -1 + 10*d**2 - 17 + 4*d - 3 + 2*d**2. Let p(i) = -13*i**2 - 4*i + 22. Let c(k) = 6*h(k) + 5*p(k). Is c(-7) prime?
False
Let d = 38 + -43. Let p(l) = 11*l**3 + 11*l**2 - 7*l - 13. Let x(w) = -6*w**3 - 6*w**2 + 4*w + 7. Let c(u) = -4*p(u) - 7*x(u). Is c(d) a prime number?
False
Suppose -28*w = -29*w + 5549. Is w composite?
True
Let o(p) = 3*p**3 + 4*p**2 + 3. Let a be o(-3). Is (-24)/a + 5575/7 composite?
False
Let p = -1561 - -5346. Is p composite?
True
Let u(z) = z**3 + 19*z**2. Let m be u(-19). Suppose -4*d - 3*g + 5*g + 2876 = m, 0 = 2*d + 5*g - 1438. Is d prime?
True
Let f = -52 - -53. Is -2 - (-30 - f)/(3/9) composite?
True
Suppose -1231*w - 395217 = -1240*w. Is w prime?
True
Let z = 8310 + 5333. Is z a prime number?
False
Is (12/(-36))/((-2)/214374) composite?
False
Suppose 0 = 4*s + 7 + 17. Let w be s/(-4)*16/3. Let o(d) = d**2 + 5*d + 9. Is o(w) a prime number?
True
Suppose 4*r - 2*g = -0*g + 28, 3*r + 5*g = -5. Suppose -170 + 48 = -z - r*f, 2*z = 4*f + 174. Is z a composite number?
False
Let j(d) = 9*d - 3 - 3 + 3 + 0. Is j(10) a composite number?
True
Suppose y + 5*y = 0. Suppose -n - 13 = -5*r, y*r + 5*n = 2*r - 19. Suppose 2*s = w - 9, 33 = r*w + 3*w + 2*s. Is w a prime number?
True
Suppose -w + 5*w - 11769 = 5*i, -i - 5883 = -2*w. Let p = -1206 + w. Is p/15 + 4/(-6) composite?
True
Let o = -3227 - -12134. Is o composite?
True
Is 22354/2 + 1 - (-7 - -6) a prime number?
False
Let i be 2/(-3 + (-14)/(-4)). Let j be (-2)/i + 95/(-2). Let a = j - -179. Is a composite?
False
Let p = 915 + 88. Is p a prime number?
False
Let x = -41 + 46. Suppose -m = 3*f - 76, x*f = 2*m + 112 + 11. Is f a composite number?
True
Suppose -4*q + 8 = 3*j, 3*j + 3*q = 2*j - 4. Suppose -3*f + 24 = -2*z - z, -4*f + j = 2*z. Is (-694)/((z - -12)/(-4)) a composite number?
False
Let y(a) = -2*a**2 - a - 1. Let l be y(-1). Let j be 4/(-2) + 6 + l. Suppose -3*u + j*u + q = -754, 0 = 5*q + 15. Is u prime?
True
Let x(i) = 469*i + 24. Is x(1) a prime number?
False
Suppose -140*x + 126*x = -3486. Is x prime?
False
Let q be (-8874)/(-4) - 15/30. Let g = q - 1577. Is g prime?
True
Let d be 4/(-18) + 188/36. Let u = d - 66. Let i = -36 - u. Is i prime?
False
Suppose -13*l - 4*v + 14628 = -9*l, -3*v = -5*l + 18301. Is l a prime number?
True
Let x = 2331 + -1510. Is x a composite number?
False
Let j be (12/(-8))/((-6)/8). Is j*((-7805)/(-10))/7 composite?
False
Let s(u) = -42*u - 8. Let b(l) = -42*l - 7. Let r = 6 + 1. Let j(f) = r*b(f) - 6*s(f). Is j(-7) a composite number?
False
Let v(s) = 773*s + 215. Is v(16) prime?
True
Let v be (480/(-28))/(-5)*7. Let b be (6/4)/(12/v). Suppose -5*y = -b*i - 198, -4*y + 152 = i + 3*i. Is y prime?
False
Let i(w) = w**3 - 6*w**2 - w + 4. Let h be i(6). Let o(l) = -88*l + 1. Let j be o(h). Suppose -4*k + j = -k. Is k prime?
True
Let y(h) = 32*h**3 + 5*h**2 - h - 2. Let l be y(3). Is (l/12)/((-4)/(-30)) composite?
True
Let z(q) = 12*q**3 - 2*q**2 + 2*q - 3. Let x = -25 - -40. Let n = -13 + x. Is z(n) prime?
True
Suppose 24*r - 3*r = 16527. Is r a prime number?
True
Suppose 20518 = 2*z - 0*z. Suppose -4*s + 3*h = -9*s + 10258, 4*h - z = -5*s. Is s a prime number?
False
Let r = -308 + 481. Let j = r + 368. Is j prime?
True
Let k = 416 - 44. Let s = k - -1361. Is s a composite number?
False
Let m = -81 - -83. Suppose -p + m = -189. Is p composite?
False
Suppose 0 = 3*l + 4*l - 22764. Let z be 1 + 7900/(-5 - 0). Let y = l + z. Is y a prime number?
False
Let x(i) = -i**2 + 9*i + 5. Let y be x(8). Suppose 8*o = y*o. Suppose o = 2*m + 2*m - 1004. Is m composite?
False
Suppose 4*h - 17759 = 2*h - 5*x, 2*h = 2*x + 17780. Is h a composite number?
False
Suppose 0 = 2*o + j - 2, -j - 2 = -0*j. Let i(r) = r**o + r**2 + 6 - 7 + 12*r. Is i(-10) prime?
True
Suppose -3*h = -2*q - 3269, 5*h + 3*q - 5463 = -q. Is h a prime number?
True
Suppose -4*c + 33 = -7. Suppose 6*q - q = -c. Is -1 - (3 - 16 - q) prime?
False
Suppose -4*f = -12, -4*m + 3*f - 131503 - 74866 = 0. Is m/(-90) - 2/9 a composite number?
True
Let y = -390 + 188. Let p = y - -346. Suppose 4*t + 2*a = -0*a + p, -4*t + 2*a = -136. Is t a prime number?
False
Suppose 2*z + 2*z - 740 = 0. Let x = -100 + z. Is x a composite number?
True
Let x be 6*(-2 + (-3 - -6)). Let o(v) = 8*v**3 - v**2 - 2*v + 8. Let a be o(x). Suppose a = 5*g + 393. Is g prime?
False
Suppose 5*r - 3688 = 707. Is r a composite number?
True
Let q(m) = m - 4. Let x be q(3). Let w be 3 + x + -1 - -3. Suppose 5*r - 220 = -5*t + 720, -w*t + 767 = -r. Is t a prime number?
True
Suppose 2*x - 6*x + 16 = 0. Suppose -3*o = -x*o + 1801. Is o a prime number?
True
Let v = 16 - 14. Suppose g + 3*g + 4*j = 1800, -5*g + v*j + 2222 = 0. Suppose 939 + g = 5*r. Is r a prime number?
True
Is 6 + (-9465 + 2)/(10/(-10)) composite?
True
Suppose 0 = -o, 4*o - 11050 = -q + 7834. Suppose 0 = -0*k - 5*k + 2*y + 23605, -q = -4*k + 3*y. Is k a prime number?
True
Suppose b + 3 = 0, -5*q + 11*b - 8*b + 7374 = 0. Is q composite?
True
Is (-16)/24*-13503 + -1 + -2 a prime number?
True
Suppose 3*c - 3*z - 2234 = -c, 0 = -2*z - 4. Let f = 54 + c. Is f prime?
False
Suppose u - 15085 = 4*y, 5*u - 2*y = 3*y + 75395. Is u prime?
True
Let b(r) = -r**3 - 16*r**2 - 5*r + 8. Let x be b(-15). Is (-6 - -5)*(x - -1) prime?
False
Let d = 20 - 5. Is 26/4*64 - d/5 prime?
False
Let b = -15 + 11. Let r(l) = -l**3 + 11*l**2 + 40*l + 26. Let d be r(14). Is (2151/18)/(d/b) a composite number?
False
Suppose 2 - 4 = -w. Let i = 302 - 300. Suppose g = w*g - i. Is g a prime number?
True
Is (14 - 9 - 33528)/(-1) composite?
True
Let r(v) = v**3 - 2*v**2 + 4*v - 5. Let w be r(2). Suppose -5*g = -d + 57, d + 5 = -w*g + 46. Is d prime?
True
Let u(n) = 10*n**3 - 13*n**2 - n + 31. Is u(12) composite?
False
Suppose 6*g - 238487 = -17*g. Is g composite?
False
Let h = 10072 - 5407. Suppose 6*s - 9*s = -h. Is s prime?
False
Suppose -418014 = -10*j - 143204. Is j prime?
True
Suppose -4*r + 1175 = -f, -3*f + 3*r - 4726 = f. Let b = -620 - f. Is b prime?
True
Suppose -6*f + 134 = 8. Let d = 170 - f. Is d prime?
True
Let b(h) = -99*h + 6. Let p(g) = -g**2 - 2*g. Let z be p(-2). Suppose z*r + 9 = -3*r. Is b(r) a prime number?
False
Let d(y) = -421*y**3 + y**2 + y + 1. Let z be d(-1). Let r = -278 + z. Let t = -89 + r. Is t composite?
True
Let h(c) be the first derivative of 20*c**3/3 + 4. Let d be h(-6). Let n = d + -137. Is n a composite number?
True
Let y = 6 + -4. Suppose 3*q = -3*a + 24, -2*a = y*a - 12. Suppose -223 = -4*z + x - 2*x, -q*x = -15. Is z prime?
False
Let j(c) = 177*c**3 - 8*c**2 + 12*c + 22. Is j(9) a prime number?
False
Suppose -516 = -3*m + 21. Suppose n - 14 = m. Suppose -45 - n = -3*w - 2*a, -3*w = -2*a - 254. Is w composite?
True
Suppose 67*h - 66*h = 11003. Is h composite?
False
Let g = -26 - -6. Let h = 177 + g. Is h a prime number?
True
Let j = 8474 - 4831. Is j composite?
False
Suppose 13947 = r + 5*q, 2*r - 20653 = 5*q + 7271. Is r a composite number?
True
Suppose 20*d = 16*d + 120. Let k = d + -36. Is k/9*6 + 723 prime?
True
Let p(c) = 8*c**2 - 3 - 2*c**2 - 2 + 13*c**2. Is p(4) a prime number?
False
Let s(v) = v**3 + 2*v + 1343. Let b be 2 + -2 + 0/3. Is s(b) a composite number?
True
Suppose 3 + 7 = 2*g. Let b = -11 + g. Is ((-138)/(-9))/(b/(-99)) prime?
False
Suppose 3195 = 5*z - 545. Let o = z - 513. Is o composite?
True
Let c(t) = 150*t**2 - 1. Suppose 5*k + 5 = -0. Is c(k) a composite number?
False
Suppose 18362 = w + 4*b - 1939, -5*b = -2*w + 40667. Is w a prime number?
False
Let r(c) = -c**3 + 6*c**2 - 7*c + 7. Suppose 5 = 3*z + 2, 4*z = -4*g + 24. Let d be r(g). Let a = 958 + d. Is a composite?
True
Is (19 - (-1644)/(-84)) + (-177206)/(-14) a prime number?
False
Let z = 92941 - 39728. Is z composite?
True
Let g = 13 + -9. Suppose -11 = g*u - 31. Suppose 4*l + 3202 = 2*w + 3*l, -l = -u*w + 8011. Is w prime?
False
Suppose 3*n + 229 - 55 = 3*f, 0 = n - 4. Let k be f/6 - (-4)/6. Let g(p) = -p**3 + 12*p**2 + 2*p + 14. Is g(k) a composite number?
False
Let a(l) = 377*l + 43. Let v be a(6). Suppose -b = -0*w - 2*w + v, 4*b = -2*w + 2290. Is